t the prime factors of 2391249264.
2, 3, 43, 1158551
What are the prime factors of 66923199?
3, 7, 354091
What are the prime factors of 600181535?
5, 29, 1459, 2837
List the prime factors of 504292088.
2, 63036511
What are the prime factors of 63929330?
2, 5, 443, 14431
List the prime factors of 131761985.
5, 17, 1550141
What are the prime factors of 100420807?
683, 147029
What are the prime factors of 243949429?
73, 3341773
What are the prime factors of 492721802?
2, 853, 288817
List the prime factors of 645254597.
13, 41, 1210609
What are the prime factors of 41446353?
3, 13, 19, 55933
What are the prime factors of 31079418?
2, 3, 5179903
List the prime factors of 1449619350.
2, 3, 5, 9664129
What are the prime factors of 1907798666?
2, 6469, 147457
What are the prime factors of 2053246222?
2, 67, 3613, 4241
What are the prime factors of 2489371255?
5, 7, 10160699
What are the prime factors of 1249988132?
2, 312497033
List the prime factors of 1289889710.
2, 5, 1283, 100537
What are the prime factors of 23910109?
17, 61, 23057
What are the prime factors of 53201235?
3, 5, 19, 186671
List the prime factors of 408144570.
2, 3, 5, 67, 203057
What are the prime factors of 843553954?
2, 10289, 40993
List the prime factors of 214932383.
214932383
What are the prime factors of 85899756?
2, 3, 23, 41, 7591
List the prime factors of 172712307.
3, 149, 386381
What are the prime factors of 642923331?
3, 113, 1896529
List the prime factors of 66883624.
2, 211, 39623
What are the prime factors of 427891644?
2, 3, 149, 241, 331
What are the prime factors of 688007755?
5, 157, 876443
List the prime factors of 52351632.
2, 3, 211, 1723
List the prime factors of 8017815278.
2, 11, 73, 4992413
List the prime factors of 1393711166.
2, 107, 263, 24763
What are the prime factors of 19069204?
2, 7, 11, 101, 613
What are the prime factors of 121078662?
2, 3, 601, 33577
List the prime factors of 2455211876.
2, 13, 17, 773, 3593
List the prime factors of 270206162.
2, 23, 1249, 4703
What are the prime factors of 248832680?
2, 5, 6220817
What are the prime factors of 2081069502?
2, 3, 3581, 96857
List the prime factors of 1143743874.
2, 3, 7, 13, 19, 110251
What are the prime factors of 72202608?
2, 3, 257, 1951
What are the prime factors of 60783658?
2, 13, 167, 13999
List the prime factors of 592990127.
592990127
List the prime factors of 168325300.
2, 5, 11, 13, 79, 149
List the prime factors of 6534435.
3, 5, 367, 1187
List the prime factors of 24179467.
13, 139, 13381
List the prime factors of 2621884234.
2, 1310942117
List the prime factors of 5242170063.
3, 13, 241, 443, 1259
What are the prime factors of 564066?
2, 3, 31337
What are the prime factors of 209613942?
2, 3, 11645219
List the prime factors of 6395889058.
2, 13, 43, 89, 64279
What are the prime factors of 7818709?
19, 79, 5209
List the prime factors of 58805746.
2, 311, 94543
List the prime factors of 141963673.
7993, 17761
What are the prime factors of 87399557?
7, 67, 331, 563
List the prime factors of 987875964.
2, 3, 977, 28087
List the prime factors of 117339348.
2, 3, 7, 97, 14401
List the prime factors of 73636673.
11, 17, 393779
What are the prime factors of 153018421?
37, 797, 5189
List the prime factors of 3736523829.
3, 43, 47, 61, 10103
What are the prime factors of 269656545?
3, 5, 761, 23623
What are the prime factors of 227152832?
2, 43, 59, 1399
List the prime factors of 1574410934.
2, 21341, 36887
List the prime factors of 36776836.
2, 41, 67, 3347
List the prime factors of 40878599.
37, 41, 26947
What are the prime factors of 28289860?
2, 5, 19, 109, 683
What are the prime factors of 101306679?
3, 33768893
What are the prime factors of 834490566?
2, 3, 7, 13, 13063
List the prime factors of 34636553.
7, 4948079
What are the prime factors of 292581178?
2, 379, 385991
List the prime factors of 35706351.
3, 83, 193, 743
What are the prime factors of 596461202?
2, 67, 71, 883
List the prime factors of 500132956.
2, 29, 751, 5741
List the prime factors of 4960056522.
2, 3, 61, 317, 42751
List the prime factors of 1621308887.
11, 17, 29, 27179
List the prime factors of 1344727386.
2, 3, 67, 443, 839
List the prime factors of 415038915.
3, 5, 2837, 3251
List the prime factors of 102045368.
2, 12755671
What are the prime factors of 2405027113?
2405027113
List the prime factors of 17020404.
2, 3, 71, 6659
What are the prime factors of 129279919?
129279919
What are the prime factors of 701030403?
3, 19, 1366531
What are the prime factors of 182698383?
3, 7, 8699923
List the prime factors of 2739208145.
5, 43, 12740503
What are the prime factors of 741780168?
2, 3, 71, 435317
What are the prime factors of 1859898668?
2, 17, 2647, 10333
What are the prime factors of 43820731?
6199, 7069
List the prime factors of 28593724.
2, 67, 106693
What are the prime factors of 17610102?
2, 3, 326113
List the prime factors of 2187264168.
2, 3, 10126223
What are the prime factors of 351544618?
2, 175772309
What are the prime factors of 201569369?
79, 2551511
What are the prime factors of 3839987575?
5, 7549, 20347
List the prime factors of 30429666.
2, 3, 1690537
What are the prime factors of 404002457?
11633, 34729
List the prime factors of 27907820.
2, 5, 151, 9241
What are the prime factors of 154908717?
3, 51636239
List the prime factors of 102874961.
7, 53, 5659
What are the prime factors of 717718829?
163, 4403183
What are the prime factors of 463111459?
223, 599, 3467
What are the prime factors of 166800391?
2083, 80077
What are the prime factors of 715308006?
2, 3, 7, 17031143
What are the prime factors of 101336676?
2, 3, 7, 97, 12437
What are the prime factors of 25128691?
7, 47, 76379
What are the prime factors of 36075993?
3, 431, 27901
List the prime factors of 1866359888.
2, 116647493
What are the prime factors of 142242443?
7, 59243
What are the prime factors of 39654826?
2, 19827413
List the prime factors of 2399170122.
2, 3, 43, 113, 27431
What are the prime factors of 43973349?
3, 7, 59, 35491
List the prime factors of 74266426.
2, 13, 71, 40231
What are the prime factors of 29403761?
17, 1729633
What are the prime factors of 230362334?
2, 115181167
List the prime factors of 3674987.
211, 17417
What are the prime factors of 104431555?
5, 379, 55109
List the prime factors of 2098631386.
2, 103, 10187531
What are the prime factors of 77474263?
37, 521, 4019
What are the prime factors of 19340731?
59, 327809
List the prime factors of 773524773.
3, 7, 12278171
List the prime factors of 36266527.
11, 479, 6883
What are the prime factors of 588762090?
2, 3, 5, 7, 934543
What are the prime factors of 183528526?
2, 91764263
List the prime factors of 790472979.
3, 19, 1201, 1283
List the prime factors of 1198298118.
2, 3, 19, 31, 211, 1607
List the prime factors of 43256522.
2, 139, 155599
List the prime factors of 11192337.
3, 13, 1181
List the prime factors of 108206110.
2, 5, 10820611
List the prime factors of 1630133374.
2, 815066687
List the prime factors of 68403777.
3, 13, 1753943
What are the prime factors of 99719446?
2, 277, 179999
List the prime factors of 1909645758.
2, 3, 1579, 67189
What are the prime factors of 104718187?
7, 14959741
List the prime factors of 116084241.
3, 7, 13, 10903
What are the prime factors of 1538659729?
19, 80982091
What are the prime factors of 236422426?
2, 419, 282127
What are the prime factors of 139773290?
2, 5, 13977329
List the prime factors of 1804423105.
5, 360884621
What are the prime factors of 289414718?
2, 179, 808421
List the prime factors of 3177747996.
2, 3, 263, 1006891
List the prime factors of 44170827.
3, 14723609
List the prime factors of 3200881458.
2, 3, 1051, 507593
What are the prime factors of 28173532?
2, 7043383
What are the prime factors of 2848538806?
2, 89, 107, 149561
List the prime factors of 46660438.
2, 11, 601, 3529
List the prime factors of 1581130486.
2, 13, 19, 149, 21481
What are the prime factors of 403179345?
3, 5, 89, 100669
List the prime factors of 73347980.
2, 5, 19, 10159
List the prime factors of 2296303105.
5, 459260621
What are the prime factors of 39106424?
2, 7, 698329
List the prime factors of 178052512.
2, 11, 359, 1409
List the prime factors of 2738437458.
2, 3, 97, 4705219
List the prime factors of 